 -d**3 + 8*d**2 - 6*d - 1. Let s be u(7). Determine q(s).
5
Let j(d) = -d**2 - 2*d - 6. Let t = -115 - -117. Let i(a) = a**2 + 4*a + 6. Let f(h) = t*j(h) + 3*i(h). What is f(-5)?
-9
Let y(z) = z**2 + 34*z + 120. Let l = -4712 + 4682. What is y(l)?
0
Suppose 0 = -3*a - 15, z - 6 - 24 = 5*a. Suppose z*i - 19 = 3*m, 0 = 4*m + m + 15. Let q(j) = -i*j + 5*j - 2*j + 4 - 7. Calculate q(-3).
-6
Let n(d) = -5*d**2 - d + 2. Let b = 176 + -162. Suppose -b*c = -2*c + 24. Give n(c).
-16
Let d(f) = 2*f**2 - 4*f - 26. Let c(w) = 4*w**2 - 6*w - 55. Let m(h) = -6*c(h) + 11*d(h). Calculate m(-7).
2
Let w(n) be the third derivative of n**5/60 - n**4/6 + 2*n**3/3 + 238*n**2 - 2. Suppose -20 - 12 = -8*q. Give w(q).
4
Let t(s) = -s**3 - 4*s**2 - 6*s - 3. Let a be t(-3). Let x(l) = 10 + 0 - a*l + 2*l - 14 + 7. Let q(f) = -f**3 + 5*f**2 - 4*f + 5. Let v be q(4). Calculate x(v).
-17
Let z(c) be the third derivative of 23/6*c**3 - 72 - 2/3*c**4 + 4/15*c**5 + 1/120*c**6 - 2*c**2 + 0*c. Calculate z(-17).
6
Let v(i) be the second derivative of -i**3/2 + 2*i**2 + i. Let t = -57 - -62. Suppose -d - t*n = -3*d + 12, 0 = 3*d - 3*n. Give v(d).
16
Let t(l) = -l**2 - 10*l - 28. Let r = 4105 + -4112. Calculate t(r).
-7
Let d(x) = 8*x - 75. Suppose 0 = 4*r + z - 31, 4*z + 136 - 17 = 11*r. What is d(r)?
-3
Let a(s) = -4*s**2 + 2*s + 2. Let b = 25 + -18. Let w be ((-4)/10)/(4*b/(-140)). Give a(w).
-10
Let p(u) = u**3 + 10*u**2 + 7*u - 21. Let d(x) = x**3 - 129*x + 550. Let y be d(6). Calculate p(y).
51
Let w(p) = -p - 4. Let u(f) = f**3 + 13*f**2 - 19*f - 16. Let c(s) = u(s) - 6*w(s). Calculate c(-14).
-6
Let u(m) = m**3 + 6*m**2 - 5*m - 35. Let t = 15778 + -15784. Calculate u(t).
-5
Let t(h) = -9*h**3 - 7 + 4*h**3 + h**2 - 5*h + 8*h**2 + 10*h**3 - 4*h**3. Give t(-9).
38
Let c(a) = 5*a**3 - 2*a**2 + 3*a - 2. Let h(p) = -p**2 - 14*p + 209. Let y be h(9). Give c(y).
36
Suppose -5*x + d - 5 = 0, 2 = -3*x + 2*d - 8. Let z(j) = 27*j**3 + 5*j**2 + 6. Let t(g) = -5*g**3 - g**2 - 1. Let n(q) = -11*t(q) - 2*z(q). Give n(x).
-1
Let q(s) = s - 4. Let y(m) = 4*m - 13. Let v(x) = -7*q(x) + 2*y(x). Let a be v(-6). Let c(z) = 2*z + 2. What is c(a)?
-6
Suppose 371*p + 458 = 339*p + 42. Let h(j) = j**2 + 8*j - 45. What is h(p)?
20
Suppose -y = -96*b + 101*b - 20, -4*y = -2*b - 102. Let i(n) = n**2 - 22*n - 8. Give i(y).
67
Let b be 14 - 21/((-252)/(-96)). Let d(p) be the first derivative of p**2 - 10*p - 2. Calculate d(b).
2
Let b(x) be the third derivative of x**4/12 + 4*x**3 + 445*x**2 + 2*x + 2. Determine b(-15).
-6
Let x(c) = -7*c - 4. Suppose -21*o + 26*o - 35 = 0. Suppose -h = -o*h + 36. Calculate x(h).
-46
Let g(s) = -22*s + 28. Let j(m) = 2*m**2 + 28*m - 412. Let z be j(-23). Determine g(z).
-16
Let w(b) = -9 + 6*b + 6*b + 32 - 13 + 18 + b**2. Determine w(-7).
-7
Let j(d) = -2*d**2 - 8*d + 6. Let s be ((-546)/63)/(2/(-9)). Let i be (-16)/2 + -1 - s/(-13). Determine j(i).
-18
Let p be 2*-2*6/8. Let n(m) = -m**3 - 28*m**2 + 4. Let h be n(-28). Let k(i) = -i**3 - 650*i + 321*i + 328*i - h*i**2 + 2. What is k(p)?
-4
Let l(m) = m**3 + 4*m**2 + m. Let p = 58 - 52. Let j be (9 - p)*-1 + 0. Calculate l(j).
6
Let k(n) = n**2 + 9*n - 21. Suppose -2*c - 3*a - 11 = 0, 215*c + 2*a = 214*c - 4. Determine k(c).
-11
Let o be 1 - (1 - (0 + 1)) - -4. Let s(f) = -2*f**3 + 2*f**2 - 8*f + 25. Let j(y) = -y**3 + y**2 - 3*y + 12. Let m(v) = o*j(v) - 2*s(v). Determine m(0).
10
Let s be ((-4)/(-5))/(2/15). Let o = 1054 - 1044. Let z(r) = 0*r + 9 - r**2 + 6*r - 5 - o. What is z(s)?
-6
Let c(n) be the second derivative of n**6/720 + n**5/20 - n**4/12 - n**3 + 4*n + 1. Let h(p) be the third derivative of c(p). What is h(-4)?
2
Let y be -2*(4/2)/(24/66). Let z(b) be the third derivative of -10*b**2 + 1/60*b**5 + 0 + 5/12*b**4 - 4*b - 11/6*b**3. Calculate z(y).
0
Let x(w) = -w**2 + w + 3. Let c be 1/1*(-65)/13 + 189. Let p = c - 181. Give x(p).
-3
Let h(x) = -x**2 + 1. Let m = -45 - -51. Suppose -14*l = -12*l + m. Determine h(l).
-8
Let f be 0 + (-22 - 1) + -1. Suppose -462 = 14*t - 36*t. Let v = t + f. Let c(r) = r + 4. Give c(v).
1
Let b(k) = -2*k - 9*k**3 + 5*k**3 + 16 + 3*k**3 - 3*k - 8*k**2. Calculate b(-7).
2
Suppose 0*p = u - p + 30, -4*u - 125 = -3*p. Let j be (84/u - -2)/((-1)/(-15)). Let x(s) = s**3 + 7*s**2 + 5*s + 2. Give x(j).
8
Let b(f) be the third derivative of 29*f - 1/120*f**6 + 0 + 5/24*f**4 - 5/6*f**3 + 1/15*f**5 + f**2. Let p be (1 - 0) + (0 - -4). Determine b(p).
-5
Let x(g) = g. Let p(j) = 6*j + 1. Let v(s) = -s**2 - 4*s + 1. Let c be v(-4). Let o = 137 + -142. Let h(a) = c*p(a) + o*x(a). Give h(0).
1
Let v(i) be the second derivative of -5*i**3/2 - 51*i**2/2 - 55*i - 4. Calculate v(-4).
9
Let k(u) = u**3 + 3*u**2 - 5*u - 1. Let a(p) = -p - 26. Let l be a(0). Suppose -122 = 5*r + 28. Let q = r - l. Give k(q).
3
Let j = -19480 + 19484. Let y(a) = 2*a**3 - 7*a**2 - 5*a + 16. Calculate y(j).
12
Let n(j) = -14*j**3 + j. Suppose -2*f - 5 = 3*f. Let g be f/1 - 11/(33/(-54)). Suppose -15 = 2*z - g. Calculate n(z).
-13
Let g(f) = -f - 6. Let r = -74 - -82. Let c be -2 + ((-104)/r - -7). Give g(c).
2
Let k(w) be the first derivative of -5*w + w + 0*w - 60 + 3*w - 42*w**2 + 54*w**2. Give k(1).
23
Suppose 3*p + c = -40, -2*p + 3*p - 2*c = -4. Let n(k) = k**2 + 14*k + 18. Let t be n(p). Let j(s) = -s - 5. Calculate j(t).
1
Let j(q) = 2*q**2 + 12*q - 2. Let c = -10133 - -10123. Calculate j(c).
78
Let k(a) be the first derivative of -4*a + 1/2*a**4 - a**3 - 44 - a**2. Give k(3).
17
Let p(x) = -71*x**3 + 2*x**2 + 4*x + 2. Suppose 13*c + 12 = c. Give p(c).
71
Let r(a) = 4*a - 13. Suppose y + 24*n - 7 = 23*n, 5*y + 4*n = 33. Give r(y).
7
Let m(f) = 21*f - 127. Let z be m(21). Suppose 0 = -4*y - z + 334. Let v(x) = -3*x + 7. Calculate v(y).
-8
Let m(u) = -u**2 + 28*u + 61. Suppose -11*i - 347 - 1813 = -83*i. Calculate m(i).
1
Suppose -13*d + 11*d = -20. Let a(y) be the first derivative of 9/2*y**2 - 1/4*y**4 + 3*y**3 + 7 + 12*y. Calculate a(d).
2
Let l(q) = 2*q + 7. Suppose 129*d = 17*d - 336. Calculate l(d).
1
Let m be ((-36)/(-20))/((-9)/(-30)). Let q be 1/((12/(-10))/m) + 2. Let a(x) = 5*x - 2. Determine a(q).
-17
Let s(y) be the second derivative of -y**5/20 - 5*y**4/12 - 27*y**2/2 + 146*y. Calculate s(-6).
9
Let b(r) = -r**3 - 2*r - 3. Let k(m) = 2*m**3 + m**2 + 4*m + 3. Let v = -42 + 47. Suppose -4*d - v = -1. Let w be k(d). Give b(w).
9
Let t be 41 + -34 + 0 + (-1 - 0). Let y(g) = -g**3 + 5*g**2 + 8*g - 5. Determine y(t).
7
Suppose -1 = -3*u - 4, -5*v - 4*u = -1. Let o(l) = -4*l**2. What is o(v)?
-4
Suppose 5*r - 17*r + 456 = 0. Suppose r*g = 40*g - 6. Let k(b) = -3*b + 2 + 2*b + 0. What is k(g)?
-1
Let y(b) = 3*b + 2. Suppose -k - 2*h = -0*k - 26, 91 = 4*k - 5*h. Suppose 5*m - 4*v - k = -7*v, 4*m - 24 = -4*v. Give y(m).
11
Let x(v) = -v**3 - 5*v**2 - 2*v + 3. Suppose 2*o - 7*o = -60. Suppose 6*l - 8*l = -36. Suppose l*u - 21*u = o. Calculate x(u).
-5
Let b(n) = -62 + 18*n - 436*n**2 + 11*n + 437*n**2 - 31*n. What is b(8)?
-14
Suppose -v - 52 = -3*p - 6*v, -2*p + 4*v = 2. Let j(f) = 76*f**2 - 10*f - 80*f**2 + 6*f + f**3 - p. Give j(5).
-4
Let c(d) = -d**3 + 3*d**2 - 2*d - 2. Let v(h) = -h**3 + 4*h**2 - 1. Let r(i) = 5*i + 3. Let j be r(0). Let w be v(j). Suppose -9*k + 2 = -w*k. Determine c(k).
-2
Let c(j) = j**3 + 69*j**2 - 69*j + 57. Let k be c(-70). Let h(p) = 3*p**2 + 32*p - 95. Give h(k).
-4
Let u be (-72)/(-30) + 1/(-6) + 7/(-30). Let t(x) = 8*x**2 - 7*x - 4. Let p(m) = -7*m**2 + 8*m + 5. Let i(a) = 5*p(a) + 6*t(a). Give i(u).
49
Let r(q) = -q - 8. Suppose 0 = 4*m - 5 - 11, 0 = 5*n - 3*m + 627. Let l = n + 125. Suppose 0 = 4*s + 16, 4*s + 56 = -l*w - 2*w. Determine r(w).
2
Let z(k) = -k**3 - 4*k**2 + k - 5. Let f = -70 + 57. Let j be (-1)/(f/(-84) + 12/126). What is z(j)?
-9
Let l(u) = 2*u. Let b(o) = -7*o - 6. Let q(d) = b(d) + 6*l(d). Let j(x) = x**2 - x + 1. Let y(f) = -4*j(f) - q(f). Give y(1).
-3
Let y(l) = -10*l - 60. Let k = -29 - -25. Determine y(k).
-20
Let i be ((-77 + 17)/(-20))/(-1). Let q(s) = -3*s**3 + 5*s**2 + 6*s - 2. Determine q(i).
106
Let b(c) = c**2 + 49*c + 148. Let h be b(-3). Let k(o) = -o**2 + 18*o - 3. Determine k(h).
77
Let x = -74 + 73. Let q(u) = -7*u**2 - 3*u + 1. Let r(w) = 2*w**2. Let i(s) = x*q(s) - 3*r(s). Calculate i(-4).
3
Suppose 33*y = -5*w + 31*y + 1, -4*w - 10